{"id":107,"date":"2022-03-20T20:30:34","date_gmt":"2022-03-20T19:30:34","guid":{"rendered":"https:\/\/deruve.de\/?page_id=107"},"modified":"2022-04-29T21:57:49","modified_gmt":"2022-04-29T19:57:49","slug":"soziales","status":"publish","type":"page","link":"https:\/\/deruve.de\/ro\/soziales","title":{"rendered":"Sociale"},"content":{"rendered":"<p class=\"has-large-font-size\"><strong>Gespr\u00e4chsabend: La un pahar de vorba<\/strong><\/p>\n\n\n\n<div class=\"wp-block-media-text alignwide is-stacked-on-mobile\"><figure class=\"wp-block-media-text__media\"><img loading=\"lazy\" decoding=\"async\" width=\"940\" height=\"638\" src=\"https:\/\/deruve.de\/wp-content\/uploads\/2022\/04\/GESPRAeCHSABEND.png\" alt=\"\" class=\"wp-image-323 size-full\" srcset=\"https:\/\/deruve.de\/wp-content\/uploads\/2022\/04\/GESPRAeCHSABEND.png 940w, https:\/\/deruve.de\/wp-content\/uploads\/2022\/04\/GESPRAeCHSABEND-300x204.png 300w, https:\/\/deruve.de\/wp-content\/uploads\/2022\/04\/GESPRAeCHSABEND-768x521.png 768w, https:\/\/deruve.de\/wp-content\/uploads\/2022\/04\/GESPRAeCHSABEND-18x12.png 18w, https:\/\/deruve.de\/wp-content\/uploads\/2022\/04\/GESPRAeCHSABEND-442x300.png 442w\" sizes=\"auto, (max-width: 940px) 100vw, 940px\" \/><\/figure><div class=\"wp-block-media-text__content\">\n<p class=\"has-drop-cap has-normal-font-size\">Alle 14 Tage laden wir zu einem geselligen und sozialen Miteinander ein, bei dem wir uns bei einem Glas Wein oder Wasser unterhalten, austauschen und \u00fcber Gott und die Welt reden k\u00f6nnen. Alle sind hier herzlich willkommen! In der Zeit der Pandemie fanden diese Gespr\u00e4chsabende online statt. Wir hoffen, ganz bald unsere Treffen auch offline, d.h. ganz pers\u00f6nlich, stattfinden zu lassen.<\/p>\n\n\n\n<p>Hinweise zu aktuellen Terminen <a href=\"https:\/\/deruve.de\/ro\/veranstaltungen\/\" data-type=\"page\" data-id=\"105\">hier<\/a>.<\/p>\n\n\n\n<p><\/p>\n<\/div><\/div>\n\n\n\n<div style=\"height:100px\" aria-hidden=\"true\" class=\"wp-block-spacer\"><\/div>\n\n\n\n<p class=\"has-large-font-size\"><strong><a href=\"https:\/\/www.biwaq.de\/BIWAQ\/DE\/Home\/home_node.html\" data-type=\"URL\" data-id=\"https:\/\/www.biwaq.de\/BIWAQ\/DE\/Home\/home_node.html\" target=\"_blank\" rel=\"noreferrer noopener\">BIWAQ<\/a> | Deutschunterricht &amp; Bewerbungstraining f\u00fcr Erwachsene ab 27 Jahren<\/strong><\/p>\n\n\n\n<ul class=\"has-normal-font-size wp-block-list\"><li><a rel=\"noreferrer noopener\" href=\"https:\/\/drive.google.com\/file\/d\/1HnLlCj5t5HkpPc6yHMjGbZPHcpETG_YR\/view?usp=sharing\" data-type=\"URL\" data-id=\"https:\/\/drive.google.com\/file\/d\/1HnLlCj5t5HkpPc6yHMjGbZPHcpETG_YR\/view?usp=sharing\" target=\"_blank\">Deutschunterricht (Infoflyer)<\/a><\/li><li><a rel=\"noreferrer noopener\" href=\"https:\/\/drive.google.com\/file\/d\/1JOrIkbFT5KMQ3h1V144YsBh6JpC6UpfL\/view?usp=sharing\" data-type=\"URL\" data-id=\"https:\/\/drive.google.com\/file\/d\/1JOrIkbFT5KMQ3h1V144YsBh6JpC6UpfL\/view?usp=sharing\" target=\"_blank\">Bewerbungstraining (Infoflyer)<\/a><\/li><\/ul>\n\n\n\n<div style=\"height:100px\" aria-hidden=\"true\" class=\"wp-block-spacer\"><\/div>\n\n\n\n<p class=\"has-large-font-size\"><strong>N\u00fctzliche Links<\/strong><\/p>\n\n\n\n<div class=\"wp-block-media-text alignwide is-stacked-on-mobile\"><figure class=\"wp-block-media-text__media\"><img loading=\"lazy\" decoding=\"async\" width=\"1024\" height=\"683\" src=\"https:\/\/deruve.de\/wp-content\/uploads\/2022\/03\/pexels-george-milton-6953835-1024x683.jpg\" alt=\"\" class=\"wp-image-169 size-full\" srcset=\"https:\/\/deruve.de\/wp-content\/uploads\/2022\/03\/pexels-george-milton-6953835-1024x683.jpg 1024w, https:\/\/deruve.de\/wp-content\/uploads\/2022\/03\/pexels-george-milton-6953835-300x200.jpg 300w, https:\/\/deruve.de\/wp-content\/uploads\/2022\/03\/pexels-george-milton-6953835-768x512.jpg 768w, https:\/\/deruve.de\/wp-content\/uploads\/2022\/03\/pexels-george-milton-6953835-1536x1024.jpg 1536w, https:\/\/deruve.de\/wp-content\/uploads\/2022\/03\/pexels-george-milton-6953835-2048x1365.jpg 2048w, https:\/\/deruve.de\/wp-content\/uploads\/2022\/03\/pexels-george-milton-6953835-450x300.jpg 450w\" sizes=\"auto, (max-width: 1024px) 100vw, 1024px\" \/><\/figure><div class=\"wp-block-media-text__content\">\n<h2 class=\"wp-block-heading\"><em>Ankommen in Gie\u00dfen<\/em><\/h2>\n\n\n\n<p><a rel=\"noreferrer noopener\" href=\"https:\/\/www.giessen.de\/Leben\/Soziales-und-Gesellschaft\/Migration-und-Integration\/\" target=\"_blank\">B\u00fcro f\u00fcr Integration der Stadt Gie\u00dfen<\/a><\/p>\n\n\n\n<p><a rel=\"noreferrer noopener\" href=\"https:\/\/www.giessen.de\/Rathaus\/Politik-Gremien\/Ausl%C3%A4nderbeirat\/\" target=\"_blank\">Ausl\u00e4nderbeirat der Stadt Gie\u00dfen<\/a><\/p>\n<\/div><\/div>\n\n\n\n<div class=\"wp-block-group\"><div class=\"wp-block-group__inner-container is-layout-flow wp-block-group-is-layout-flow\"><\/div><\/div>\n\n\n\n<div class=\"wp-block-media-text alignwide is-stacked-on-mobile\"><figure class=\"wp-block-media-text__media\"><img loading=\"lazy\" decoding=\"async\" width=\"1024\" height=\"683\" src=\"https:\/\/deruve.de\/wp-content\/uploads\/2022\/03\/pexels-anamul-rezwan-1216544-1024x683.jpg\" alt=\"\" class=\"wp-image-171 size-full\" srcset=\"https:\/\/deruve.de\/wp-content\/uploads\/2022\/03\/pexels-anamul-rezwan-1216544-1024x683.jpg 1024w, https:\/\/deruve.de\/wp-content\/uploads\/2022\/03\/pexels-anamul-rezwan-1216544-300x200.jpg 300w, https:\/\/deruve.de\/wp-content\/uploads\/2022\/03\/pexels-anamul-rezwan-1216544-768x512.jpg 768w, https:\/\/deruve.de\/wp-content\/uploads\/2022\/03\/pexels-anamul-rezwan-1216544-1536x1024.jpg 1536w, https:\/\/deruve.de\/wp-content\/uploads\/2022\/03\/pexels-anamul-rezwan-1216544-2048x1365.jpg 2048w, https:\/\/deruve.de\/wp-content\/uploads\/2022\/03\/pexels-anamul-rezwan-1216544-450x300.jpg 450w\" sizes=\"auto, (max-width: 1024px) 100vw, 1024px\" \/><\/figure><div class=\"wp-block-media-text__content\">\n<h2 class=\"has-text-align-left wp-block-heading\"><em>Arbeiten und leben in Gie\u00dfen<\/em><\/h2>\n\n\n\n<p><a rel=\"noreferrer noopener\" href=\"https:\/\/www.giessen.de\/Rathaus\/B%C3%BCrgerservice\/\" target=\"_blank\">B\u00fcrgerservice<\/a><\/p>\n\n\n\n<p><a rel=\"noreferrer noopener\" href=\"https:\/\/www.arbeitsagentur.de\/vor-ort\/giessen\/startseite\" target=\"_blank\">Agentur f\u00fcr Arbeit Gie\u00dfen<\/a><\/p>\n\n\n\n<p class=\"has-normal-font-size\"><a rel=\"noreferrer noopener\" href=\"https:\/\/www.jobcenter-giessen.de\/\" target=\"_blank\">Kreisjobcenter<\/a><\/p>\n<\/div><\/div>\n\n\n\n<div class=\"wp-block-media-text alignwide is-stacked-on-mobile\"><figure class=\"wp-block-media-text__media\"><img loading=\"lazy\" decoding=\"async\" width=\"1024\" height=\"683\" src=\"https:\/\/deruve.de\/wp-content\/uploads\/2022\/03\/pexels-anastasiya-gepp-1462630-1024x683.jpg\" alt=\"\" class=\"wp-image-172 size-full\" srcset=\"https:\/\/deruve.de\/wp-content\/uploads\/2022\/03\/pexels-anastasiya-gepp-1462630-1024x683.jpg 1024w, https:\/\/deruve.de\/wp-content\/uploads\/2022\/03\/pexels-anastasiya-gepp-1462630-300x200.jpg 300w, https:\/\/deruve.de\/wp-content\/uploads\/2022\/03\/pexels-anastasiya-gepp-1462630-768x512.jpg 768w, https:\/\/deruve.de\/wp-content\/uploads\/2022\/03\/pexels-anastasiya-gepp-1462630-1536x1024.jpg 1536w, https:\/\/deruve.de\/wp-content\/uploads\/2022\/03\/pexels-anastasiya-gepp-1462630-2048x1365.jpg 2048w, https:\/\/deruve.de\/wp-content\/uploads\/2022\/03\/pexels-anastasiya-gepp-1462630-450x300.jpg 450w\" sizes=\"auto, (max-width: 1024px) 100vw, 1024px\" \/><\/figure><div class=\"wp-block-media-text__content\">\n<h1 class=\"wp-block-heading\"><em>Lernen in Gie\u00dfen<\/em><\/h1>\n\n\n\n<p class=\"has-normal-font-size\"><a rel=\"noreferrer noopener\" href=\"https:\/\/schulaemter.hessen.de\/standorte\/giessen\" target=\"_blank\">Staatliches Schulamt f\u00fcr den Landkreis Gie\u00dfen und den Vogelsbergkreis<\/a><\/p>\n<\/div><\/div>\n\n\n\n<p><\/p>\n\n\n\n<figure class=\"wp-block-embed is-type-video is-provider-youtube wp-block-embed-youtube wp-embed-aspect-16-9 wp-has-aspect-ratio\"><div class=\"wp-block-embed__wrapper\">\n<iframe loading=\"lazy\" hcb-fetch-image-from=\"https:\/\/youtu.be\/NNT9kuXZMgQ\" title=\"Efectele psihice ale Coronei \u015fi ce e de f\u0103cut - explicat \u00een 3 minute pentru copii\" width=\"1032\" height=\"581\" src=\"https:\/\/www.youtube.com\/embed\/NNT9kuXZMgQ?feature=oembed\" frameborder=\"0\" allow=\"accelerometer; autoplay; clipboard-write; encrypted-media; gyroscope; picture-in-picture; web-share\" referrerpolicy=\"strict-origin-when-cross-origin\" allowfullscreen><\/iframe>\n<\/div><figcaption>Efectele psihice ale Coronei \u015fi ce e de f\u0103cut<\/figcaption><\/figure>","protected":false},"excerpt":{"rendered":"<p>Gespr\u00e4chsabend: La un pahar de vorba Alle 14 Tage laden wir zu einem geselligen und sozialen Miteinander ein, bei dem wir uns bei einem Glas Wein oder Wasser unterhalten, austauschen und \u00fcber Gott und die Welt reden k\u00f6nnen. Alle sind<span class=\"excerpt-fade\"><\/span><\/p>","protected":false},"author":1,"featured_media":0,"parent":0,"menu_order":0,"comment_status":"closed","ping_status":"closed","template":"","meta":{"footnotes":""},"class_list":["post-107","page","type-page","status-publish","hentry"],"_links":{"self":[{"href":"https:\/\/deruve.de\/ro\/wp-json\/wp\/v2\/pages\/107","targetHints":{"allow":["GET"]}}],"collection":[{"href":"https:\/\/deruve.de\/ro\/wp-json\/wp\/v2\/pages"}],"about":[{"href":"https:\/\/deruve.de\/ro\/wp-json\/wp\/v2\/types\/page"}],"author":[{"embeddable":true,"href":"https:\/\/deruve.de\/ro\/wp-json\/wp\/v2\/users\/1"}],"replies":[{"embeddable":true,"href":"https:\/\/deruve.de\/ro\/wp-json\/wp\/v2\/comments?post=107"}],"version-history":[{"count":0,"href":"https:\/\/deruve.de\/ro\/wp-json\/wp\/v2\/pages\/107\/revisions"}],"wp:attachment":[{"href":"https:\/\/deruve.de\/ro\/wp-json\/wp\/v2\/media?parent=107"}],"curies":[{"name":"wp","href":"https:\/\/api.w.org\/{rel}","templated":true}]}}

<p class="has-large-font-size"><strong>Gesprächsabend: La un pahar de vorba</strong></p>



<div class="wp-block-media-text alignwide is-stacked-on-mobile"><figure class="wp-block-media-text__media"><img loading="lazy" decoding="async" width="940" height="638" src="https://deruve.de/wp-content/uploads/2022/04/GESPRAeCHSABEND.png" alt="" class="wp-image-323 size-full" srcset="https://deruve.de/wp-content/uploads/2022/04/GESPRAeCHSABEND.png 940w, https://deruve.de/wp-content/uploads/2022/04/GESPRAeCHSABEND-300x204.png 300w, https://deruve.de/wp-content/uploads/2022/04/GESPRAeCHSABEND-768x521.png 768w, https://deruve.de/wp-content/uploads/2022/04/GESPRAeCHSABEND-18x12.png 18w, https://deruve.de/wp-content/uploads/2022/04/GESPRAeCHSABEND-442x300.png 442w" sizes="auto, (max-width: 940px) 100vw, 940px" /></figure><div class="wp-block-media-text__content">
<p class="has-drop-cap has-normal-font-size">Alle 14 Tage laden wir zu einem geselligen und sozialen Miteinander ein, bei dem wir uns bei einem Glas Wein oder Wasser unterhalten, austauschen und über Gott und die Welt reden können. Alle sind hier herzlich willkommen! In der Zeit der Pandemie fanden diese Gesprächsabende online statt. Wir hoffen, ganz bald unsere Treffen auch offline, d.h. ganz persönlich, stattfinden zu lassen.</p>



<p>Hinweise zu aktuellen Terminen <a href="https://deruve.de/ro/veranstaltungen/" data-type="page" data-id="105">hier</a>.</p>



<p></p>
</div></div>



<div style="height:100px" aria-hidden="true" class="wp-block-spacer"></div>



<p class="has-large-font-size"><strong><a href="https://www.biwaq.de/BIWAQ/DE/Home/home_node.html" data-type="URL" data-id="https://www.biwaq.de/BIWAQ/DE/Home/home_node.html" target="_blank" rel="noreferrer noopener">BIWAQ</a> | Deutschunterricht &amp; Bewerbungstraining für Erwachsene ab 27 Jahren</strong></p>



<ul class="has-normal-font-size wp-block-list"><li><a rel="noreferrer noopener" href="https://drive.google.com/file/d/1HnLlCj5t5HkpPc6yHMjGbZPHcpETG_YR/view?usp=sharing" data-type="URL" data-id="https://drive.google.com/file/d/1HnLlCj5t5HkpPc6yHMjGbZPHcpETG_YR/view?usp=sharing" target="_blank">Deutschunterricht (Infoflyer)</a></li><li><a rel="noreferrer noopener" href="https://drive.google.com/file/d/1JOrIkbFT5KMQ3h1V144YsBh6JpC6UpfL/view?usp=sharing" data-type="URL" data-id="https://drive.google.com/file/d/1JOrIkbFT5KMQ3h1V144YsBh6JpC6UpfL/view?usp=sharing" target="_blank">Bewerbungstraining (Infoflyer)</a></li></ul>



<div style="height:100px" aria-hidden="true" class="wp-block-spacer"></div>



<p class="has-large-font-size"><strong>Nützliche Links</strong></p>



<div class="wp-block-media-text alignwide is-stacked-on-mobile"><figure class="wp-block-media-text__media"><img loading="lazy" decoding="async" width="1024" height="683" src="https://deruve.de/wp-content/uploads/2022/03/pexels-george-milton-6953835-1024x683.jpg" alt="" class="wp-image-169 size-full" srcset="https://deruve.de/wp-content/uploads/2022/03/pexels-george-milton-6953835-1024x683.jpg 1024w, https://deruve.de/wp-content/uploads/2022/03/pexels-george-milton-6953835-300x200.jpg 300w, https://deruve.de/wp-content/uploads/2022/03/pexels-george-milton-6953835-768x512.jpg 768w, https://deruve.de/wp-content/uploads/2022/03/pexels-george-milton-6953835-1536x1024.jpg 1536w, https://deruve.de/wp-content/uploads/2022/03/pexels-george-milton-6953835-2048x1365.jpg 2048w, https://deruve.de/wp-content/uploads/2022/03/pexels-george-milton-6953835-450x300.jpg 450w" sizes="auto, (max-width: 1024px) 100vw, 1024px" /></figure><div class="wp-block-media-text__content">
<h2 class="wp-block-heading"><em>Ankommen in Gießen</em></h2>



<p><a rel="noreferrer noopener" href="https://www.giessen.de/Leben/Soziales-und-Gesellschaft/Migration-und-Integration/" target="_blank">Büro für Integration der Stadt Gießen</a></p>



<p><a rel="noreferrer noopener" href="https://www.giessen.de/Rathaus/Politik-Gremien/Ausl%C3%A4nderbeirat/" target="_blank">Ausländerbeirat der Stadt Gießen</a></p>
</div></div>



<div class="wp-block-group"><div class="wp-block-group__inner-container is-layout-flow wp-block-group-is-layout-flow"></div></div>



<div class="wp-block-media-text alignwide is-stacked-on-mobile"><figure class="wp-block-media-text__media"><img loading="lazy" decoding="async" width="1024" height="683" src="https://deruve.de/wp-content/uploads/2022/03/pexels-anamul-rezwan-1216544-1024x683.jpg" alt="" class="wp-image-171 size-full" srcset="https://deruve.de/wp-content/uploads/2022/03/pexels-anamul-rezwan-1216544-1024x683.jpg 1024w, https://deruve.de/wp-content/uploads/2022/03/pexels-anamul-rezwan-1216544-300x200.jpg 300w, https://deruve.de/wp-content/uploads/2022/03/pexels-anamul-rezwan-1216544-768x512.jpg 768w, https://deruve.de/wp-content/uploads/2022/03/pexels-anamul-rezwan-1216544-1536x1024.jpg 1536w, https://deruve.de/wp-content/uploads/2022/03/pexels-anamul-rezwan-1216544-2048x1365.jpg 2048w, https://deruve.de/wp-content/uploads/2022/03/pexels-anamul-rezwan-1216544-450x300.jpg 450w" sizes="auto, (max-width: 1024px) 100vw, 1024px" /></figure><div class="wp-block-media-text__content">
<h2 class="has-text-align-left wp-block-heading"><em>Arbeiten und leben in Gießen</em></h2>



<p><a rel="noreferrer noopener" href="https://www.giessen.de/Rathaus/B%C3%BCrgerservice/" target="_blank">Bürgerservice</a></p>



<p><a rel="noreferrer noopener" href="https://www.arbeitsagentur.de/vor-ort/giessen/startseite" target="_blank">Agentur für Arbeit Gießen</a></p>



<p class="has-normal-font-size"><a rel="noreferrer noopener" href="https://www.jobcenter-giessen.de/" target="_blank">Kreisjobcenter</a></p>
</div></div>



<div class="wp-block-media-text alignwide is-stacked-on-mobile"><figure class="wp-block-media-text__media"><img loading="lazy" decoding="async" width="1024" height="683" src="https://deruve.de/wp-content/uploads/2022/03/pexels-anastasiya-gepp-1462630-1024x683.jpg" alt="" class="wp-image-172 size-full" srcset="https://deruve.de/wp-content/uploads/2022/03/pexels-anastasiya-gepp-1462630-1024x683.jpg 1024w, https://deruve.de/wp-content/uploads/2022/03/pexels-anastasiya-gepp-1462630-300x200.jpg 300w, https://deruve.de/wp-content/uploads/2022/03/pexels-anastasiya-gepp-1462630-768x512.jpg 768w, https://deruve.de/wp-content/uploads/2022/03/pexels-anastasiya-gepp-1462630-1536x1024.jpg 1536w, https://deruve.de/wp-content/uploads/2022/03/pexels-anastasiya-gepp-1462630-2048x1365.jpg 2048w, https://deruve.de/wp-content/uploads/2022/03/pexels-anastasiya-gepp-1462630-450x300.jpg 450w" sizes="auto, (max-width: 1024px) 100vw, 1024px" /></figure><div class="wp-block-media-text__content">
<h1 class="wp-block-heading"><em>Lernen in Gießen</em></h1>



<p class="has-normal-font-size"><a rel="noreferrer noopener" href="https://schulaemter.hessen.de/standorte/giessen" target="_blank">Staatliches Schulamt für den Landkreis Gießen und den Vogelsbergkreis</a></p>
</div></div>



<p></p>



<figure class="wp-block-embed is-type-video is-provider-youtube wp-block-embed-youtube wp-embed-aspect-16-9 wp-has-aspect-ratio"><div class="wp-block-embed__wrapper">
<iframe loading="lazy" hcb-fetch-image-from="https://youtu.be/NNT9kuXZMgQ" title="Efectele psihice ale Coronei şi ce e de făcut - explicat în 3 minute pentru copii" width="1032" height="581" src="https://www.youtube.com/embed/NNT9kuXZMgQ?feature=oembed" frameborder="0" allow="accelerometer; autoplay; clipboard-write; encrypted-media; gyroscope; picture-in-picture; web-share" referrerpolicy="strict-origin-when-cross-origin" allowfullscreen></iframe>
</div><figcaption>Efectele psihice ale Coronei şi ce e de făcut</figcaption></figure>

<p>Gesprächsabend: La un pahar de vorba Alle 14 Tage laden wir zu einem geselligen und sozialen Miteinander ein, bei dem wir uns bei einem Glas Wein oder Wasser unterhalten, austauschen und über Gott und die Welt reden können. Alle sind<span class="excerpt-fade"></span></p>
